ded by w.
14
Let c(h) = -2*h**3 - 36*h**2 + 22. Calculate the remainder when 80 is divided by c(-18).
14
Let b be 6*(-19)/(-8)*4. Suppose -5*c = 4*s - b, s = -c - s + 9. Let u = c - 3. What is the remainder when 19 is divided by u?
9
Suppose 6*a = 7*a - 6. Let x(m) = 2*m - 3. What is the remainder when x(a) is divided by 4?
1
Let u(g) = -9*g - 1. What is the remainder when u(-14) is divided by 64?
61
Suppose 3*p - 16 = -5*t + 15, t = p + 3. Let j = 2 + t. Calculate the remainder when 26 is divided by j.
5
Suppose -15 = 2*f - 5*f. Suppose -25 = -f*n - 0*n. Let w(y) = -4*y - 2. What is the remainder when w(-4) is divided by n?
4
Let k be 2/(-6) + (-14)/(-6). Let f be 1*(k + 1 + 0). Suppose d = f*v + 6, 0 = -d - 2*d - 2*v + 62. What is the remainder when 35 is divided by d?
17
Suppose n = 7 - 2. Suppose n*y - 3*y = 26. Calculate the remainder when y is divided by 7.
6
Let b(t) = t**2 + 3*t + 21. Let a(j) = j**2 - 4*j + 3. Calculate the remainder when b(-5) is divided by a(5).
7
Suppose -3*p + 82 + 5 = 0. What is the remainder when 57 is divided by p?
28
Let s = 51 - 36. Let u = 317 + -223. Let n = u - 50. Calculate the remainder when n is divided by s.
14
Let v(c) = 3*c**2 + 19*c + 7. Let f(x) = -2*x**2 - 10*x - 3. Let y(t) = -5*f(t) - 3*v(t). Calculate the remainder when 2 is divided by y(8).
0
Suppose 2*a = 2*n + 3*n + 34, -4*a - n = -112. Calculate the remainder when 104 is divided by a.
23
Let f be 6 + (3 + -2)*-1. Let t(s) = -s**3 + 5*s**2 + s + 1. Suppose -6*o - 5*y + 65 = -2*o, 0 = o + y - 15. Calculate the remainder when o is divided by t(f).
4
Let y = 16 - 5. Let v(l) = -2*l - 1. Let d be v(-7). Suppose -g + d = -7. Calculate the remainder when g is divided by y.
9
Suppose -5*n = -4*k - n + 8, -3*k + 4*n = -6. Suppose -60 = -6*b + k*b. Let t = 115 - 72. Calculate the remainder when t is divided by b.
13
Let q(h) = h**2 + 7*h - 2. Let u be q(-6). Let o = 15 + u. Let d = -9 + 29. What is the remainder when d is divided by o?
6
Let y be -1 + 1 + 1 - 1. Suppose 5*c = -0*c - 65. Let l = y - c. Calculate the remainder when l is divided by 5.
3
Let a(c) = c**2 - 9*c - 16. What is the remainder when a(11) is divided by 3?
0
Let f(b) = -23*b - 2. What is the remainder when f(-2) is divided by 12?
8
Calculate the remainder when ((-357)/14)/(9/(-12)) is divided by 19.
15
Suppose 3*m = -3*s - 72, -4*m - s - s = 88. What is the remainder when ((-35)/m)/(2/32) is divided by 6/9*(3 - -12)?
8
Suppose 0*f = -5*f + 5, 3*f = -2*k + 5. Calculate the remainder when 2 is divided by k.
0
Let j = -43 + 246. Suppose 0 = 5*u + 4*o - j, -3*u - o + 117 = 3*o. Calculate the remainder when u is divided by 2/1 + -2 - -15.
13
Let d(t) = -9*t - 34. Calculate the remainder when d(-15) is divided by 17.
16
Let u be (-3)/(-6)*0 - -40. Suppose -g + 8 = g, u = 4*c + 3*g. Let r = 25 - c. What is the remainder when r is divided by 10?
8
Suppose 0 = -b - 1, -2*x + 0*x = -3*b - 27. What is the remainder when (5 - 4 - -6)*5 is divided by x?
11
Let g(j) = -j**3 - j**2 + j + 4. What is the remainder when 16 is divided by g(-2)?
4
What is the remainder when 69 is divided by (-4)/(-10) + (-528)/(-30)?
15
Suppose -2*o = -o - 117. Suppose 0*y = 3*y - o. Calculate the remainder when y is divided by 8.
7
Suppose 152 = -6*m + 25*m. Calculate the remainder when 10 is divided by m.
2
Let v(a) = -a**3 - 9*a**2 + 7. Let x be v(-9). Let z(t) = 6*t - 3. Calculate the remainder when z(x) is divided by 10.
9
Let s be (-1 - 0) + (-3)/(-1). Let i be (s + -22)*(-6)/(-15). Let g = 17 + i. Calculate the remainder when g is divided by 6.
3
Let k(j) = 2*j. Let x be k(1). Calculate the remainder when 24 is divided by x/1 - (-1 + -10).
11
Suppose -108 - 22 = -5*z. Suppose 4*t - z = 30. Calculate the remainder when 41 is divided by t.
13
Suppose -2*c - 57 = -5*c. Suppose -5*m - c - 6 = 0, -19 = -3*b - m. Let h = 35 + b. What is the remainder when h is divided by 15?
13
Let b be (10/(-8))/(-1)*4. Suppose i - b = -3. Suppose f - 39 = -i*f. What is the remainder when 36 is divided by f?
10
Let d(s) = -s**3 + 17*s**2 - s + 22. What is the remainder when d(17) is divided by 2?
1
Let f(h) = -2*h**3 + 3*h + 3. Let u be f(-2). Suppose -41 = -5*r + 2*x + 32, 4*r = 4*x + 68. Let n = r + u. What is the remainder when n is divided by 14?
12
Let v = -16 + 20. Let n(d) = 5*d**2 - 4*d + 1. What is the remainder when n(v) is divided by 17?
14
Let p = -55 - -88. What is the remainder when 94 is divided by p?
28
Suppose 2*s = 3*p - 1, p + 14 = -3*s + 40. Calculate the remainder when 195 is divided by s.
6
Let v be 5/((-10)/(-68)) - -1. Suppose -3 = -y, -3*y = 2*u + v + 6. Calculate the remainder when (u/(-3))/((-2)/(-6)) is divided by 13.
12
Let g = -7 - -11. Let d(r) = r**3 - 2*r**2 + 5*r + 1. Calculate the remainder when d(g) is divided by 18.
17
Calculate the remainder when 89 is divided by 28 - ((-2)/(-3))/(2/(-6)).
29
Let u = 10 + -5. Suppose -1 = 5*y - b + 4*b, 4*y + 2*b = 0. Let o(k) = 3*k**3 - k**2 + k. Calculate the remainder when u is divided by o(y).
2
Let r(h) = -h**3 + 8*h**2 - 7*h - 4. Let n be r(7). Let a(t) = -t**3 - 3*t**2 + 4*t + 3. What is the remainder when 9 is divided by a(n)?
0
What is the remainder when ((-168)/(-20))/(4/70) is divided by 25?
22
Let n(p) = p - 1. Let o(s) = -6*s + 6. Let y(z) = -5*n(z) - o(z). Let b be y(3). Suppose b*v = -v + 6. Calculate the remainder when v is divided by 2.
0
Suppose l = -p + 136, -205 - 341 = -4*p - 2*l. Calculate the remainder when p is divided by 20.
17
Suppose 0 - 3 = -3*s. Let b(l) = 9*l**2 - 1. Let g be b(s). Suppose 0 = -0*k - 4*k + g. Calculate the remainder when 2 is divided by k.
0
Suppose 2*n - 20 = -0*n. Suppose j = -j + n. Calculate the remainder when 8 is divided by j.
3
Suppose 327 = 21*n - 219. Calculate the remainder when 74 is divided by n.
22
Suppose -5*p - b + 4*b = -77, 4*p + 2*b - 44 = 0. Calculate the remainder when 36 is divided by p.
10
Suppose 4*d = -0*p + 5*p + 5, -3*d + 3 = -4*p. What is the remainder when 11 is divided by d?
1
Let r be -2 - (-3)/(6/4). Let y(f) = f**2 + 0*f**3 - f**3 + 0*f**2 + 18. What is the remainder when 52 is divided by y(r)?
16
Suppose 2*d - 256 = -4*x + d, -191 = -3*x - d. What is the remainder when x is divided by 18?
11
Let j be ((-10)/15)/(2/(-75)). Suppose -5*r = -5*f + j, -4*r + 9*r = -3*f + 39. Calculate the remainder when 30 is divided by f.
6
Let c = 9 - 9. Suppose c = -2*l + 3*h + 97, 7*h - 230 = -5*l + 2*h. What is the remainder when l is divided by 12?
11
Let a be ((-6)/(-3))/(2 + 0). Let u = a + 64. Calculate the remainder when u is divided by 22.
21
Let t be ((-5)/3)/(3/(-9)). Suppose 0 = t*b - 2*l - 21 + 1, -5*l = 0. What is the remainder when (-4)/(-14) + 80/14 is divided by b?
2
Suppose -3*h + 23 = -5*y, 4*h + 5*y = -5 + 24. Suppose h = 2*t - 6. What is the remainder when (-4)/(-6)*45/3 is divided by t?
4
Let z(q) = q**3 - 9*q**2 - 3*q - 8. Let u be z(10). Suppose -4*h + 94 = f - u, 3*h = 3*f + 102. What is the remainder when h is divided by 13?
12
Suppose -6*u + 7*u = 33. What is the remainder when u is divided by 9?
6
Let a = -13 - -16. Let n(j) = -j**3 - 5*j**2 + 6*j + 2. Calculate the remainder when a is divided by n(-6).
1
Let u(m) = -m**3 - 2*m**2 - 3*m. Let l be u(-2). Let y = -1 + l. Suppose -8 = -y*x + 2. What is the remainder when 5 is divided by x?
1
Let g be (-1 - 1)*(-3 + 2). Suppose -b + 33 = g*b. Calculate the remainder when b is divided by 5/(10/4) + 4.
5
Let n = -3 + 4. Let g(y) = -1 + 0 + 10*y - 2*y. Calculate the remainder when 20 is divided by g(n).
6
Let g(l) be the second derivative of -l**3/2 + l**2/2 - 2*l. Calculate the remainder when g(-1) is divided by 2.
0
Suppose w = -0*w + 12. Let n(v) = v - 2. Calculate the remainder when w is divided by n(7).
2
Suppose 3*f = -5*o + 185, -23 = -2*o + 5*f + 20. Calculate the remainder when 97 is divided by o.
29
Suppose -3*u = 2*t - 6*t + 481, 0 = -3*t - 3*u + 345. What is the remainder when t is divided by 40?
38
Let c(r) = -2*r**3 - r**2 + 2*r - 1. Let l be c(-2). Let x(u) = -u**2 + 8*u - 5. What is the remainder when 1 + 3 - (0 - 1) is divided by x(l)?
1
Let d be -2*(-3)/2*1. Suppose -c + n - d*n = -17, 3*n = -3*c + 48. What is the remainder when 29 is divided by c?
14
Let l(v) = 4*v - 9. Let o be l(6). What is the remainder 